{"id":413,"date":"2025-10-09T15:52:43","date_gmt":"2025-10-09T15:52:43","guid":{"rendered":"https:\/\/marleneteglgaard.dk\/?page_id=413"},"modified":"2025-10-15T14:03:24","modified_gmt":"2025-10-15T14:03:24","slug":"familieterapi","status":"publish","type":"page","link":"https:\/\/marleneteglgaard.dk\/index.php\/samtaleterapi-til-private\/familieterapi\/","title":{"rendered":"Familieterapi"},"content":{"rendered":"\n<p><\/p>\n\n\n\n<details class=\"wp-block-details is-layout-flow wp-block-details-is-layout-flow\"><summary>Familieterapi er for familier, der oplever konflikter, mistrivsel eller livskriser. Det er for jer som familie, der st\u00e5r i en sv\u00e6r tid f.eks. pga. psykisk eller fysisk sygdom, sorg, misbrug eller andet. Det kan ogs\u00e5 v\u00e6re for jer som for\u00e6ldre, der oplever magtesl\u00f8shed, fordi I har et barn i mistrivsel og ikke ved, hvordan I skal hj\u00e6lpe.<\/summary>\n<p>Inden I kontakter mig, er det vigtigt at vide, at I som familie har mulighed for at s\u00f8ge om hj\u00e6lp hos jeres bop\u00e6lskommune. Alle kommuner tilbyder gratis r\u00e5dgivning til familier. Jeg tilbyder ogs\u00e5 kommuner, at de kan k\u00f8be mig til at varetage familieterapi\/familiebehandling og forl\u00f8b til b\u00f8rn, unge, for\u00e6ldre og familier, der oplever mistrivsel.<\/p>\n<\/details>\n\n\n\n<div class=\"wp-block-cover\"><img loading=\"lazy\" decoding=\"async\" width=\"768\" height=\"1024\" class=\"wp-block-cover__image-background wp-image-471\" alt=\"Familieterapi i Billund. Jeg skaber et s\u00e6rligt rum til jeres s\u00e6rlige samtaler.\" src=\"https:\/\/marleneteglgaard.dk\/wp-content\/uploads\/2025\/10\/Familieterapi-768x1024.jpg\" data-object-fit=\"cover\" srcset=\"https:\/\/marleneteglgaard.dk\/wp-content\/uploads\/2025\/10\/Familieterapi-768x1024.jpg 768w, https:\/\/marleneteglgaard.dk\/wp-content\/uploads\/2025\/10\/Familieterapi-225x300.jpg 225w, https:\/\/marleneteglgaard.dk\/wp-content\/uploads\/2025\/10\/Familieterapi-1152x1536.jpg 1152w, https:\/\/marleneteglgaard.dk\/wp-content\/uploads\/2025\/10\/Familieterapi-rotated.jpg 1512w\" sizes=\"auto, (max-width: 768px) 100vw, 768px\" \/><span aria-hidden=\"true\" class=\"wp-block-cover__background has-background-dim\"><\/span><div class=\"wp-block-cover__inner-container is-layout-flow wp-block-cover-is-layout-flow\">\n<p class=\"has-text-align-center has-ast-global-color-7-color has-text-color has-link-color has-large-font-size wp-elements-4f4f87a1b1bb3eb26be8e0982addd428\">Familieterapi Billund<\/p>\n\n\n\n<p class=\"has-text-align-center has-ast-global-color-7-color has-text-color has-link-color has-small-font-size wp-elements-858f1a2c698b4ea4eb271aab8a6ed385\">Et s\u00e6rligt rum til jeres s\u00e6rlige samtaler<\/p>\n<\/div><\/div>\n\n\n\n<h2 class=\"wp-block-heading\">Familieterapi til jer der st\u00e5r midt i en krise<\/h2>\n\n\n\n<p>I skal ikke st\u00e5 alene!<\/p>\n\n\n\n<p>Jeg er af den overbevisning, at b\u00e5de b\u00f8rn og for\u00e6ldre altid g\u00f8r deres bedste. Midt i livskriser, som f.eks. sygdom, sorg, stress eller andet, s\u00e5 kan det v\u00e6re n\u00f8dvendigt at rette fokus mod et eller f\u00e5 omr\u00e5der af familielivet. Det betyder, at b\u00f8rn, for\u00e6ldre og familieliv kan blive presset. Og m\u00e5ske oplever I, at nogle familiemedlemmer tr\u00e6kker sig eller omvendt, at der er flere konflikter end tidligere.<\/p>\n\n\n\n<p>Ved sygdom, sorg og anden krise er overskuddet ikke som det plejer. Det er helt normalt, men det kan v\u00e6re udfordrende og skamfuldt &#8211; og der kan v\u00e6re brug for hj\u00e6lp til at genoprette balancen i familien. M\u00e5ske har I brug for hj\u00e6lp til at tale om det, der sker &#8211; eller skete for jer som familie. Det kan v\u00e6re s\u00e5rbart at \u00e5bne op og det kan v\u00e6re godt at have en udenforst\u00e5ende til at hj\u00e6lpe p\u00e5 vej.<\/p>\n\n\n\n<p>Jeg vil meget gerne hj\u00e6lpe jer med at f\u00e5 skabt et helt s\u00e6rligt rum til jeres s\u00e6rlige samtaler!<\/p>\n\n\n\n<p>Ring til mig p\u00e5 telefon <a href=\"call:23747586\">23747586<\/a> eller skriv til mig <a href=\"mailto:marleneteglgaard-psykoterapeut@outlook.dk\">her<\/a><\/p>\n\n\n\n<h2 class=\"wp-block-heading\">Familieterapi ved mistrivsel<\/h2>\n\n\n\n<p>Oplever I mistrivsel i familien? Det kan v\u00e6re blandt de voksne eller hos barnet\/den unge? S\u00e5 kan familieterapi v\u00e6re det I har brug for. Familieterapi hos mig, er samtaler med jer, der tilrettel\u00e6gges i samarbejde med jer. <\/p>\n\n\n\n<p>Det vil ofte v\u00e6re for\u00e6ldre-samtaler der er omdrejningspunktet i et forl\u00f8b, men indimellem kan der v\u00e6re behov for at kombinere med b\u00f8rne, unge -eller familiesamtaler.<\/p>\n\n\n\n<p>N\u00e5r det er for\u00e6ldrene jeg har fokus p\u00e5, s\u00e5 er det fordi jeg mener, at b\u00f8rnene ikke \u00e9r problemet &#8211; de viser blot problemet via deres adf\u00e6rd. Dermed ikke v\u00e6re sagt, at for\u00e6ldrene er problemet. Tv\u00e6rtimod, &#8211; s\u00e5 mener jeg, at <em>det er problemet, der er problemet<\/em>. Jeg er sikker p\u00e5, at I som for\u00e6ldre g\u00f8r jeres allerbedste bedste og at I selv sidder med de fleste l\u00f8sninger p\u00e5 problemerne. Men jeg ved ogs\u00e5, at der kan v\u00e6re brug for hj\u00e6lp og st\u00f8tte. For\u00e6ldre kan med god grund opleve magtesl\u00f8shed, sorg, skyld og skam, n\u00e5r et barn eller en ung ikke trives.  <\/p>\n\n\n\n<p>Jeg har erfaring som for\u00e6lder og over 12 \u00e5rs erfaring fra mit arbejde med b\u00f8rn, unge og familier. Det betyder, at jeg kan stille jer nysgerrige sp\u00f8rgsm\u00e5l og hj\u00e6lpe med at skabe overblik og nye indsigter &#8211; og dermed mere overskud hos jer som for\u00e6ldre.<\/p>\n\n\n\n<h3 class=\"wp-block-heading\">Har I et barn i mistrivsel?<\/h3>\n\n\n\n<p>N\u00e5r et barn ikke trives, er det meget almindelig, at for\u00e6ldre kan blive usikre og v\u00e6re i tvivl, om de g\u00f8r det rigtige. Ogs\u00e5 barnet kan tvivle p\u00e5 sig selv og b\u00e6re skyld over ikke, at v\u00e6re det barn for\u00e6ldrene havde h\u00e5bet p\u00e5. Men igen er det vigtigt at huske, at hverken barnet eller for\u00e6ldrene er problemet. Det er mistrivslen der er problemet!<\/p>\n\n\n\n<p>Hvis I har et barn med en PDA-profil eller diagnose (ADHD, ADD, autisme, angst eller lignende), s\u00e5 kan diagnosen\/profilen ofte larme s\u00e5 meget og skabe s\u00e5 meget kaos, at det bliver sv\u00e6rt at se barnet. Det kan v\u00e6re sorgfuldt at acceptere, at man som for\u00e6lder har mistet lidt af kontakten til sit barn. Og m\u00e5ske ogs\u00e5 har mistet fornemmelsen af sig selv og kontakten til sin partner. Men I er ikke alene &#8211; og der er hj\u00e6lp at hente i parterapi og familie-terapi.  <\/p>\n\n\n\n<p>Det er helt almindelig at opleve f\u00f8lelser som: frustration, utilstr\u00e6kkelighed, afmagt, ensomhed, sorg, skyld og skam. Det kan slide p\u00e5 barnet, den enkelte for\u00e6lder, p\u00e5 begge for\u00e6ldre og p\u00e5 parforholdet. Men for et barn i mistrivsel, s\u00e5 er det ekstra vigtigt, at I som par og for\u00e6ldre oplever, at st\u00e5 st\u00e6rkt sammen. P\u00e5 den m\u00e5de kan I bedre st\u00f8tte og berolige hinanden i de sv\u00e6re stunder. Og jeres rolige nervesystem vil smitte af p\u00e5 jeres barn. <\/p>\n\n\n\n<div class=\"wp-block-media-text is-stacked-on-mobile\"><figure class=\"wp-block-media-text__media\"><img loading=\"lazy\" decoding=\"async\" width=\"768\" height=\"1024\" src=\"https:\/\/marleneteglgaard.dk\/wp-content\/uploads\/2023\/10\/IMG_0431-1-768x1024.jpg\" alt=\"Familieterapi\" class=\"wp-image-45 size-full\" srcset=\"https:\/\/marleneteglgaard.dk\/wp-content\/uploads\/2023\/10\/IMG_0431-1-768x1024.jpg 768w, https:\/\/marleneteglgaard.dk\/wp-content\/uploads\/2023\/10\/IMG_0431-1-225x300.jpg 225w, https:\/\/marleneteglgaard.dk\/wp-content\/uploads\/2023\/10\/IMG_0431-1-1152x1536.jpg 1152w, https:\/\/marleneteglgaard.dk\/wp-content\/uploads\/2023\/10\/IMG_0431-1-1536x2048.jpg 1536w, https:\/\/marleneteglgaard.dk\/wp-content\/uploads\/2023\/10\/IMG_0431-1-1568x2091.jpg 1568w, https:\/\/marleneteglgaard.dk\/wp-content\/uploads\/2023\/10\/IMG_0431-1-scaled.jpg 1920w\" sizes=\"auto, (max-width: 768px) 100vw, 768px\" \/><\/figure><div class=\"wp-block-media-text__content\">\n<blockquote class=\"wp-block-quote is-layout-flow wp-block-quote-is-layout-flow\">\n<p>&#8220;<em>Vi er blevet meget bedre til at kommunikere og at st\u00e5 sammen som for\u00e6ldre, n\u00e5r vores s\u00f8n har det sv\u00e6rt. Vi er ved at f\u00e5 en st\u00f8rre forst\u00e5else af os selv og hinandens reaktioner, s\u00e5 vi er bedre i stand til at v\u00e6re der for ham og for hinanden<\/em>\u201c<\/p>\n\n\n\n<p>Par\/for\u00e6ldre til barn med PDA-profil<\/p>\n<\/blockquote>\n<\/div><\/div>\n\n\n\n<p>I er velkommen til at kontakte mig, hvis I \u00f8nsker at h\u00f8re mere om familieterapi eller hvis I gerne vil booke en uforpligtende samtale<\/p>\n\n\n\n<div class=\"wp-block-buttons is-layout-flex wp-block-buttons-is-layout-flex\">\n<div class=\"wp-block-button\"><a class=\"wp-block-button__link wp-element-button\" href=\"mailto:marleneteglgaard-psykoterapeut@outlook.dk\">Kontakt mig<\/a><\/div>\n<\/div>\n\n\n\n<p>Hjemmeside under udarbejdelse&#8230;<\/p>\n\n\n\n<p>OBS jeg arbejder p\u00e5 at forbedre min hjemmeside og er ved at redigere dette afsnit. Hold l\u00f8bende \u00f8je med hjemmesiden, hvis du \u00f8nsker at l\u00e6se mere, n\u00e5r afsnittet er udkommet. Indtil da kan du l\u00e6se mere om Familieterapi her under fanen <a href=\"https:\/\/marleneteglgaard.dk\/index.php\/samtaleterapi-til-private\/\">&#8216;Samtaleterapi&#8217;<\/a><\/p>\n\n\n\n<p><\/p>\n","protected":false},"excerpt":{"rendered":"<p>Familieterapi til jer der st\u00e5r midt i en krise I skal ikke st\u00e5 alene! Jeg er af den overbevisning, at [&hellip;]<\/p>\n","protected":false},"author":1,"featured_media":0,"parent":2,"menu_order":0,"comment_status":"closed","ping_status":"closed","template":"","meta":{"site-sidebar-layout":"default","site-content-layout":"","ast-site-content-layout":"default","site-content-style":"default","site-sidebar-style":"default","ast-global-header-display":"","ast-banner-title-visibility":"","ast-main-header-display":"","ast-hfb-above-header-display":"","ast-hfb-below-header-display":"","ast-hfb-mobile-header-display":"","site-post-title":"","ast-breadcrumbs-content":"","ast-featured-img":"","footer-sml-layout":"","ast-disable-related-posts":"","theme-transparent-header-meta":"","adv-header-id-meta":"","stick-header-meta":"","header-above-stick-meta":"","header-main-stick-meta":"","header-below-stick-meta":"","astra-migrate-meta-layouts":"default","ast-page-background-enabled":"default","ast-page-background-meta":{"desktop":{"background-color":"var(--ast-global-color-5)","background-image":"","background-repeat":"repeat","background-position":"center center","background-size":"auto","background-attachment":"scroll","background-type":"","background-media":"","overlay-type":"","overlay-color":"","overlay-opacity":"","overlay-gradient":""},"tablet":{"background-color":"","background-image":"","background-repeat":"repeat","background-position":"center center","background-size":"auto","background-attachment":"scroll","background-type":"","background-media":"","overlay-type":"","overlay-color":"","overlay-opacity":"","overlay-gradient":""},"mobile":{"background-color":"","background-image":"","background-repeat":"repeat","background-position":"center center","background-size":"auto","background-attachment":"scroll","background-type":"","background-media":"","overlay-type":"","overlay-color":"","overlay-opacity":"","overlay-gradient":""}},"ast-content-background-meta":{"desktop":{"background-color":"var(--ast-global-color-4)","background-image":"","background-repeat":"repeat","background-position":"center center","background-size":"auto","background-attachment":"scroll","background-type":"","background-media":"","overlay-type":"","overlay-color":"","overlay-opacity":"","overlay-gradient":""},"tablet":{"background-color":"var(--ast-global-color-4)","background-image":"","background-repeat":"repeat","background-position":"center center","background-size":"auto","background-attachment":"scroll","background-type":"","background-media":"","overlay-type":"","overlay-color":"","overlay-opacity":"","overlay-gradient":""},"mobile":{"background-color":"var(--ast-global-color-4)","background-image":"","background-repeat":"repeat","background-position":"center center","background-size":"auto","background-attachment":"scroll","background-type":"","background-media":"","overlay-type":"","overlay-color":"","overlay-opacity":"","overlay-gradient":""}},"footnotes":""},"class_list":["post-413","page","type-page","status-publish","hentry"],"yoast_head":"<!-- This site is optimized with the Yoast SEO plugin v27.4 - https:\/\/yoast.com\/product\/yoast-seo-wordpress\/ -->\n<title>Familieterapi - Psykoterapi<\/title>\n<meta name=\"robots\" content=\"index, follow, max-snippet:-1, max-image-preview:large, max-video-preview:-1\" \/>\n<link rel=\"canonical\" href=\"https:\/\/marleneteglgaard.dk\/index.php\/samtaleterapi-til-private\/familieterapi\/\" \/>\n<meta property=\"og:locale\" content=\"da_DK\" \/>\n<meta property=\"og:type\" content=\"article\" \/>\n<meta property=\"og:title\" content=\"Familieterapi - Psykoterapi\" \/>\n<meta property=\"og:description\" content=\"Familieterapi til jer der st\u00e5r midt i en krise I skal ikke st\u00e5 alene! Jeg er af den overbevisning, at [&hellip;]\" \/>\n<meta property=\"og:url\" content=\"https:\/\/marleneteglgaard.dk\/index.php\/samtaleterapi-til-private\/familieterapi\/\" \/>\n<meta property=\"og:site_name\" content=\"Psykoterapi\" \/>\n<meta property=\"article:publisher\" content=\"https:\/\/www.facebook.com\/profile.php?id=100085851555208\" \/>\n<meta property=\"article:modified_time\" content=\"2025-10-15T14:03:24+00:00\" \/>\n<meta property=\"og:image\" content=\"https:\/\/marleneteglgaard.dk\/wp-content\/uploads\/2025\/10\/Familieterapi-rotated.jpg\" \/>\n\t<meta property=\"og:image:width\" content=\"1512\" \/>\n\t<meta property=\"og:image:height\" content=\"2016\" \/>\n\t<meta property=\"og:image:type\" content=\"image\/jpeg\" \/>\n<meta name=\"twitter:card\" content=\"summary_large_image\" \/>\n<meta name=\"twitter:label1\" content=\"Estimeret l\u00e6setid\" \/>\n\t<meta name=\"twitter:data1\" content=\"5 minutter\" \/>\n<script type=\"application\/ld+json\" class=\"yoast-schema-graph\">{\"@context\":\"https:\\\/\\\/schema.org\",\"@graph\":[{\"@type\":\"WebPage\",\"@id\":\"https:\\\/\\\/marleneteglgaard.dk\\\/index.php\\\/samtaleterapi-til-private\\\/familieterapi\\\/\",\"url\":\"https:\\\/\\\/marleneteglgaard.dk\\\/index.php\\\/samtaleterapi-til-private\\\/familieterapi\\\/\",\"name\":\"Familieterapi - Psykoterapi\",\"isPartOf\":{\"@id\":\"https:\\\/\\\/marleneteglgaard.dk\\\/#website\"},\"primaryImageOfPage\":{\"@id\":\"https:\\\/\\\/marleneteglgaard.dk\\\/index.php\\\/samtaleterapi-til-private\\\/familieterapi\\\/#primaryimage\"},\"image\":{\"@id\":\"https:\\\/\\\/marleneteglgaard.dk\\\/index.php\\\/samtaleterapi-til-private\\\/familieterapi\\\/#primaryimage\"},\"thumbnailUrl\":\"https:\\\/\\\/marleneteglgaard.dk\\\/wp-content\\\/uploads\\\/2025\\\/10\\\/Familieterapi-768x1024.jpg\",\"datePublished\":\"2025-10-09T15:52:43+00:00\",\"dateModified\":\"2025-10-15T14:03:24+00:00\",\"breadcrumb\":{\"@id\":\"https:\\\/\\\/marleneteglgaard.dk\\\/index.php\\\/samtaleterapi-til-private\\\/familieterapi\\\/#breadcrumb\"},\"inLanguage\":\"da-DK\",\"potentialAction\":[{\"@type\":\"ReadAction\",\"target\":[\"https:\\\/\\\/marleneteglgaard.dk\\\/index.php\\\/samtaleterapi-til-private\\\/familieterapi\\\/\"]}]},{\"@type\":\"ImageObject\",\"inLanguage\":\"da-DK\",\"@id\":\"https:\\\/\\\/marleneteglgaard.dk\\\/index.php\\\/samtaleterapi-til-private\\\/familieterapi\\\/#primaryimage\",\"url\":\"https:\\\/\\\/marleneteglgaard.dk\\\/wp-content\\\/uploads\\\/2025\\\/10\\\/Familieterapi-rotated.jpg\",\"contentUrl\":\"https:\\\/\\\/marleneteglgaard.dk\\\/wp-content\\\/uploads\\\/2025\\\/10\\\/Familieterapi-rotated.jpg\",\"width\":1512,\"height\":2016},{\"@type\":\"BreadcrumbList\",\"@id\":\"https:\\\/\\\/marleneteglgaard.dk\\\/index.php\\\/samtaleterapi-til-private\\\/familieterapi\\\/#breadcrumb\",\"itemListElement\":[{\"@type\":\"ListItem\",\"position\":1,\"name\":\"Hjem\",\"item\":\"https:\\\/\\\/marleneteglgaard.dk\\\/\"},{\"@type\":\"ListItem\",\"position\":2,\"name\":\"Psykoterapi\",\"item\":\"https:\\\/\\\/marleneteglgaard.dk\\\/index.php\\\/samtaleterapi-til-private\\\/\"},{\"@type\":\"ListItem\",\"position\":3,\"name\":\"Familieterapi\"}]},{\"@type\":\"WebSite\",\"@id\":\"https:\\\/\\\/marleneteglgaard.dk\\\/#website\",\"url\":\"https:\\\/\\\/marleneteglgaard.dk\\\/\",\"name\":\"Psykoterapi v\\\/Marlene Teglgaard\",\"description\":\"Billund \",\"publisher\":{\"@id\":\"https:\\\/\\\/marleneteglgaard.dk\\\/#organization\"},\"potentialAction\":[{\"@type\":\"SearchAction\",\"target\":{\"@type\":\"EntryPoint\",\"urlTemplate\":\"https:\\\/\\\/marleneteglgaard.dk\\\/?s={search_term_string}\"},\"query-input\":{\"@type\":\"PropertyValueSpecification\",\"valueRequired\":true,\"valueName\":\"search_term_string\"}}],\"inLanguage\":\"da-DK\"},{\"@type\":\"Organization\",\"@id\":\"https:\\\/\\\/marleneteglgaard.dk\\\/#organization\",\"name\":\"Psykoterapi v\\\/Marlene Teglgaard\",\"url\":\"https:\\\/\\\/marleneteglgaard.dk\\\/\",\"logo\":{\"@type\":\"ImageObject\",\"inLanguage\":\"da-DK\",\"@id\":\"https:\\\/\\\/marleneteglgaard.dk\\\/#\\\/schema\\\/logo\\\/image\\\/\",\"url\":\"https:\\\/\\\/marleneteglgaard.dk\\\/wp-content\\\/uploads\\\/2023\\\/10\\\/cropped-thumbnail_IMG_9645-e1696419512523.jpg\",\"contentUrl\":\"https:\\\/\\\/marleneteglgaard.dk\\\/wp-content\\\/uploads\\\/2023\\\/10\\\/cropped-thumbnail_IMG_9645-e1696419512523.jpg\",\"width\":512,\"height\":512,\"caption\":\"Psykoterapi v\\\/Marlene Teglgaard\"},\"image\":{\"@id\":\"https:\\\/\\\/marleneteglgaard.dk\\\/#\\\/schema\\\/logo\\\/image\\\/\"},\"sameAs\":[\"https:\\\/\\\/www.facebook.com\\\/profile.php?id=100085851555208\"]}]}<\/script>\n<!-- \/ Yoast SEO plugin. -->","yoast_head_json":{"title":"Familieterapi - Psykoterapi","robots":{"index":"index","follow":"follow","max-snippet":"max-snippet:-1","max-image-preview":"max-image-preview:large","max-video-preview":"max-video-preview:-1"},"canonical":"https:\/\/marleneteglgaard.dk\/index.php\/samtaleterapi-til-private\/familieterapi\/","og_locale":"da_DK","og_type":"article","og_title":"Familieterapi - Psykoterapi","og_description":"Familieterapi til jer der st\u00e5r midt i en krise I skal ikke st\u00e5 alene! Jeg er af den overbevisning, at [&hellip;]","og_url":"https:\/\/marleneteglgaard.dk\/index.php\/samtaleterapi-til-private\/familieterapi\/","og_site_name":"Psykoterapi","article_publisher":"https:\/\/www.facebook.com\/profile.php?id=100085851555208","article_modified_time":"2025-10-15T14:03:24+00:00","og_image":[{"width":1512,"height":2016,"url":"https:\/\/marleneteglgaard.dk\/wp-content\/uploads\/2025\/10\/Familieterapi-rotated.jpg","type":"image\/jpeg"}],"twitter_card":"summary_large_image","twitter_misc":{"Estimeret l\u00e6setid":"5 minutter"},"schema":{"@context":"https:\/\/schema.org","@graph":[{"@type":"WebPage","@id":"https:\/\/marleneteglgaard.dk\/index.php\/samtaleterapi-til-private\/familieterapi\/","url":"https:\/\/marleneteglgaard.dk\/index.php\/samtaleterapi-til-private\/familieterapi\/","name":"Familieterapi - Psykoterapi","isPartOf":{"@id":"https:\/\/marleneteglgaard.dk\/#website"},"primaryImageOfPage":{"@id":"https:\/\/marleneteglgaard.dk\/index.php\/samtaleterapi-til-private\/familieterapi\/#primaryimage"},"image":{"@id":"https:\/\/marleneteglgaard.dk\/index.php\/samtaleterapi-til-private\/familieterapi\/#primaryimage"},"thumbnailUrl":"https:\/\/marleneteglgaard.dk\/wp-content\/uploads\/2025\/10\/Familieterapi-768x1024.jpg","datePublished":"2025-10-09T15:52:43+00:00","dateModified":"2025-10-15T14:03:24+00:00","breadcrumb":{"@id":"https:\/\/marleneteglgaard.dk\/index.php\/samtaleterapi-til-private\/familieterapi\/#breadcrumb"},"inLanguage":"da-DK","potentialAction":[{"@type":"ReadAction","target":["https:\/\/marleneteglgaard.dk\/index.php\/samtaleterapi-til-private\/familieterapi\/"]}]},{"@type":"ImageObject","inLanguage":"da-DK","@id":"https:\/\/marleneteglgaard.dk\/index.php\/samtaleterapi-til-private\/familieterapi\/#primaryimage","url":"https:\/\/marleneteglgaard.dk\/wp-content\/uploads\/2025\/10\/Familieterapi-rotated.jpg","contentUrl":"https:\/\/marleneteglgaard.dk\/wp-content\/uploads\/2025\/10\/Familieterapi-rotated.jpg","width":1512,"height":2016},{"@type":"BreadcrumbList","@id":"https:\/\/marleneteglgaard.dk\/index.php\/samtaleterapi-til-private\/familieterapi\/#breadcrumb","itemListElement":[{"@type":"ListItem","position":1,"name":"Hjem","item":"https:\/\/marleneteglgaard.dk\/"},{"@type":"ListItem","position":2,"name":"Psykoterapi","item":"https:\/\/marleneteglgaard.dk\/index.php\/samtaleterapi-til-private\/"},{"@type":"ListItem","position":3,"name":"Familieterapi"}]},{"@type":"WebSite","@id":"https:\/\/marleneteglgaard.dk\/#website","url":"https:\/\/marleneteglgaard.dk\/","name":"Psykoterapi v\/Marlene Teglgaard","description":"Billund ","publisher":{"@id":"https:\/\/marleneteglgaard.dk\/#organization"},"potentialAction":[{"@type":"SearchAction","target":{"@type":"EntryPoint","urlTemplate":"https:\/\/marleneteglgaard.dk\/?s={search_term_string}"},"query-input":{"@type":"PropertyValueSpecification","valueRequired":true,"valueName":"search_term_string"}}],"inLanguage":"da-DK"},{"@type":"Organization","@id":"https:\/\/marleneteglgaard.dk\/#organization","name":"Psykoterapi v\/Marlene Teglgaard","url":"https:\/\/marleneteglgaard.dk\/","logo":{"@type":"ImageObject","inLanguage":"da-DK","@id":"https:\/\/marleneteglgaard.dk\/#\/schema\/logo\/image\/","url":"https:\/\/marleneteglgaard.dk\/wp-content\/uploads\/2023\/10\/cropped-thumbnail_IMG_9645-e1696419512523.jpg","contentUrl":"https:\/\/marleneteglgaard.dk\/wp-content\/uploads\/2023\/10\/cropped-thumbnail_IMG_9645-e1696419512523.jpg","width":512,"height":512,"caption":"Psykoterapi v\/Marlene Teglgaard"},"image":{"@id":"https:\/\/marleneteglgaard.dk\/#\/schema\/logo\/image\/"},"sameAs":["https:\/\/www.facebook.com\/profile.php?id=100085851555208"]}]}},"_links":{"self":[{"href":"https:\/\/marleneteglgaard.dk\/index.php\/wp-json\/wp\/v2\/pages\/413","targetHints":{"allow":["GET"]}}],"collection":[{"href":"https:\/\/marleneteglgaard.dk\/index.php\/wp-json\/wp\/v2\/pages"}],"about":[{"href":"https:\/\/marleneteglgaard.dk\/index.php\/wp-json\/wp\/v2\/types\/page"}],"author":[{"embeddable":true,"href":"https:\/\/marleneteglgaard.dk\/index.php\/wp-json\/wp\/v2\/users\/1"}],"replies":[{"embeddable":true,"href":"https:\/\/marleneteglgaard.dk\/index.php\/wp-json\/wp\/v2\/comments?post=413"}],"version-history":[{"count":15,"href":"https:\/\/marleneteglgaard.dk\/index.php\/wp-json\/wp\/v2\/pages\/413\/revisions"}],"predecessor-version":[{"id":502,"href":"https:\/\/marleneteglgaard.dk\/index.php\/wp-json\/wp\/v2\/pages\/413\/revisions\/502"}],"up":[{"embeddable":true,"href":"https:\/\/marleneteglgaard.dk\/index.php\/wp-json\/wp\/v2\/pages\/2"}],"wp:attachment":[{"href":"https:\/\/marleneteglgaard.dk\/index.php\/wp-json\/wp\/v2\/media?parent=413"}],"curies":[{"name":"wp","href":"https:\/\/api.w.org\/{rel}","templated":true}]}}