{"id":23,"date":"2023-10-04T10:01:34","date_gmt":"2023-10-04T10:01:34","guid":{"rendered":"http:\/\/marleneteglgaard.dk\/?page_id=23"},"modified":"2026-01-22T14:40:19","modified_gmt":"2026-01-22T14:40:19","slug":"psykoterapi-marlene-teglgaard-billund","status":"publish","type":"page","link":"https:\/\/marleneteglgaard.dk\/","title":{"rendered":"Parterapi og familieterapi i Billund t\u00e6t p\u00e5 Vejle og Grindsted"},"content":{"rendered":"\n<h1 class=\"wp-block-heading alignwide has-text-align-wide has-huge-font-size\" style=\"line-height:1.1\">Psykoterapi v\/Marlene Teglgaard<\/h1>\n\n\n\n<div class=\"wp-block-group is-layout-constrained wp-block-group-is-layout-constrained\">\n<details class=\"wp-block-details is-layout-flow wp-block-details-is-layout-flow\"><summary>Jeg tilbyder <strong>parterapi<\/strong>, <strong>familieterapi<\/strong> og <strong>individuel<\/strong> terapi i Sundhedshuset i Billund. Jeg ved at det kr\u00e6ver mod, styrke og overskud, at tage de f\u00f8rste skridt mod forandring og starte i psykoterapi, &#8211; derfor g\u00f8r jeg mig umage, for at skabe et trygt rum, hvor du og I kan dele det I har brug for.<\/summary>\n<p>Hvis I oplever krise i jeres parforhold, for\u00e6ldreskab, familieliv &#8211; eller i livet generelt, s\u00e5 er det vigtigt, at r\u00e6kke ud og f\u00e5 hj\u00e6lp, s\u00e5 du\/I ikke st\u00e5r alene. Jeg er uddannet psykoterapeut og har over 12 \u00e5rs erfaring med at hj\u00e6lpe par og familier til st\u00f8rre trivsel og samh\u00f8righed. Det er min erfaring, at man selv i de bedste parforhold og familier kan opleve udfordringer og at det ofte sker, n\u00e5r man har sv\u00e6rt ved at tage de sv\u00e6re og s\u00e5rbare samtaler.<\/p>\n\n\n\n<p>M\u00e5ske oplever I at I ender i konflikt og sk\u00e6nderier, n\u00e5r I pr\u00f8ver at l\u00f8se de udfordringer I st\u00e5r i? Det er helt normalt &#8211; s\u00e6rligt, hvis I er ramt af sygdom, sorg, stress, utroskab eller andet.<\/p>\n\n\n\n<p>S\u00e5 har I overskuddet og modet til at arbejde med jer selv hver is\u00e6r og sammen? S\u00e5 st\u00e5r jeg klar til at hj\u00e6lpe jer. <\/p>\n\n\n\n<div class=\"wp-block-buttons is-layout-flex wp-block-buttons-is-layout-flex\">\n<div class=\"wp-block-button is-style-fill\"><a class=\"wp-block-button__link wp-element-button\" href=\"mailto:marleneteglgaard-psykoterapeut@outlook.dk\">Kontakt mig<\/a><\/div>\n<\/div>\n\n\n\n<p>Eller ring\/skriv p\u00e5 telefon <a href=\"tel:23747586\" target=\"_blank\" rel=\"noreferrer noopener\">23747586<\/a><\/p>\n<\/details>\n<\/div>\n\n\n\n<div class=\"wp-block-columns alignwide are-vertically-aligned-center is-style-twentytwentyone-columns-overlap is-layout-flex wp-container-core-columns-is-layout-28f84493 wp-block-columns-is-layout-flex\">\n<div class=\"wp-block-column is-vertically-aligned-center is-layout-flow wp-block-column-is-layout-flow\">\n<figure class=\"wp-block-gallery alignfull has-nested-images columns-default is-cropped wp-block-gallery-1 is-layout-flex wp-block-gallery-is-layout-flex\">\n<figure class=\"wp-block-image size-full is-style-rounded\"><img loading=\"lazy\" decoding=\"async\" width=\"1310\" height=\"1386\" data-id=\"346\" src=\"https:\/\/marleneteglgaard.dk\/wp-content\/uploads\/2025\/08\/thumbnail_IMG_4334.jpg\" alt=\"\" class=\"wp-image-346\" srcset=\"https:\/\/marleneteglgaard.dk\/wp-content\/uploads\/2025\/08\/thumbnail_IMG_4334.jpg 1310w, https:\/\/marleneteglgaard.dk\/wp-content\/uploads\/2025\/08\/thumbnail_IMG_4334-284x300.jpg 284w, https:\/\/marleneteglgaard.dk\/wp-content\/uploads\/2025\/08\/thumbnail_IMG_4334-968x1024.jpg 968w, https:\/\/marleneteglgaard.dk\/wp-content\/uploads\/2025\/08\/thumbnail_IMG_4334-768x813.jpg 768w\" sizes=\"auto, (max-width: 1310px) 100vw, 1310px\" \/><figcaption class=\"wp-element-caption\">par, familie &amp; psykoterapeut <a href=\"https:\/\/psykoterapeutforeningen.dk\/psykoterapi\/hvad-betyder-titlen-psykoterapeut-mpf\">MPF<\/a><\/figcaption><\/figure>\n<\/figure>\n<\/div>\n\n\n\n<div class=\"wp-block-column is-vertically-aligned-center is-layout-flow wp-block-column-is-layout-flow\">\n<figure class=\"wp-block-image aligncenter size-large alignfull size-full is-style-twentytwentyone-image-frame\"><img loading=\"lazy\" decoding=\"async\" width=\"1440\" height=\"1440\" src=\"https:\/\/marleneteglgaard.dk\/wp-content\/uploads\/2025\/08\/Samtalerum-edited.jpg\" alt=\"\" class=\"wp-image-348\" srcset=\"https:\/\/marleneteglgaard.dk\/wp-content\/uploads\/2025\/08\/Samtalerum-edited.jpg 1440w, https:\/\/marleneteglgaard.dk\/wp-content\/uploads\/2025\/08\/Samtalerum-edited-300x300.jpg 300w, https:\/\/marleneteglgaard.dk\/wp-content\/uploads\/2025\/08\/Samtalerum-edited-1024x1024.jpg 1024w, https:\/\/marleneteglgaard.dk\/wp-content\/uploads\/2025\/08\/Samtalerum-edited-150x150.jpg 150w, https:\/\/marleneteglgaard.dk\/wp-content\/uploads\/2025\/08\/Samtalerum-edited-768x768.jpg 768w\" sizes=\"auto, (max-width: 1440px) 100vw, 1440px\" \/><figcaption class=\"wp-element-caption\">Samtalerum <a href=\"https:\/\/www.google.dk\/maps\/place\/Psykoterapi+v%2FMarlene+Teglgaard\/@55.7344162,9.1065889,17z\/data=!3m1!4b1!4m6!3m5!1s0x464b71b6888e2dd7:0x839bd5cb367cc37f!8m2!3d55.7344162!4d9.1091638!16s%2Fg%2F11xsq2mv81?entry=ttu&amp;g_ep=EgoyMDI1MDgyNS4wIKXMDSoASAFQAw%3D%3D\">Granvej 2E, Billund<\/a><\/figcaption><\/figure>\n<\/div>\n<\/div>\n\n\n\n<div class=\"wp-block-buttons is-layout-flex wp-block-buttons-is-layout-flex\">\n<div class=\"wp-block-button has-custom-width wp-block-button__width-100 is-style-fill\"><a class=\"wp-block-button__link has-ast-global-color-3-background-color has-background wp-element-button\" href=\"Mailto:marleneteglgaard-psykoterapeut@outlook.dk\">Book tid<\/a><\/div>\n<\/div>\n\n\n\n<div class=\"wp-block-columns alignwide are-vertically-aligned-top has-orange-background-color has-background is-layout-flex wp-container-core-columns-is-layout-28f84493 wp-block-columns-is-layout-flex\">\n<div class=\"wp-block-column is-vertically-aligned-top is-layout-flow wp-block-column-is-layout-flow\">\n<h2 class=\"wp-block-heading\">Velkommen<\/h2>\n\n\n\n<p>Jeg tilbyder terapi i Billund som samtaler til par, familier og dig alene.<\/p>\n\n\n\n<p>Jeg kan hj\u00e6lpe jer som par, for\u00e6ldre eller familie, hvis I er overv\u00e6ldet af de livsomst\u00e6ndigheder i befinder jer i. Det kan f.eks. v\u00e6re ved problemer i parforholdet, familielivet, livskriser som sygdom, sorg, mistrivsel eller andet. Her kan <a href=\"https:\/\/marleneteglgaard.dk\/index.php\/samtaleterapi-til-private\/parterapi\/\">parterapi<\/a> og familieterapi hj\u00e6lpe.<\/p>\n\n\n\n<p>Jeg tilbyder ogs\u00e5 terapi som samtaler til dig alene, hvis du oplever udfordringer i livet og har brug for en at tale med. <\/p>\n\n\n\n<p>Hos mig vil du m\u00f8de et professionelt og hjertevarmt rum, hvor du kan dele det der fylder hos dig. Jeg vil blive din samarbejdspartner og hj\u00e6lpe dig med at (gen)opdage dine styrker, ressourcer og v\u00e6rdier samt m\u00e5l, for at du kan leve det liv, som du \u00f8nsker.<\/p>\n\n\n\n<p><\/p>\n<\/div>\n\n\n\n<div class=\"wp-block-column is-vertically-aligned-top is-layout-flow wp-block-column-is-layout-flow\">\n<h2 class=\"wp-block-heading\">Samtaleterapi<\/h2>\n\n\n\n<p>Jeg tilbyder psykoterapi, som er samtaleterapi hvor jeg inddrager viden om parhold, familier, b\u00f8rn, unge, voksne &#8211; og de dynamikker, m\u00f8nstre og andet, der kan p\u00e5virke din\/jeres trivsel, samspil og relation.<\/p>\n\n\n\n<p>Selv om jeg er ekspert, s\u00e5 er det ikke mig, der har svarene. Som psykoterapeut MPF er jeg uddannet til at stille sp\u00f8rgsm\u00e5l og guide dig og jer til at komme i st\u00f8rre kontakt med jer selv og hinanden som par og\/eller familie, s\u00e5 du og I kan leve det liv I dr\u00f8mmer om.<\/p>\n\n\n\n<p>Jeg tilbyder b\u00e5de forl\u00f8b til <a href=\"https:\/\/marleneteglgaard.dk\/index.php\/samtaleterapi-til-private\/\">private<\/a> og <a href=\"https:\/\/marleneteglgaard.dk\/index.php\/kommuner\/\">kommuner<\/a>. Det kan v\u00e6re par, familie &#8211; eller individuelle-forl\u00f8b.<\/p>\n\n\n\n<p class=\"has-text-align-left\">Samtalerne foreg\u00e5r som udgangspunkt i mit samtalerum i Sundhedshuset Granvej 2E, Billund. I s\u00e6rlige tilf\u00e6lde er det muligt, at supplere med onlineterapi og\/eller telefonsamtaler samt walk &amp; talk.<\/p>\n<\/div>\n\n\n\n<div class=\"wp-block-column is-vertically-aligned-top is-layout-flow wp-block-column-is-layout-flow\">\n<h2 class=\"wp-block-heading\">V\u00e6rdier<\/h2>\n\n\n\n<p>Det teoretiske fundament i min praksis er den systemiske og narrative tilgang, hvor jeg bl.a. har fokus p\u00e5 relationer og (livs)fort\u00e6llinger. Jeg tror p\u00e5 at det er dig, der er ekspert i dit liv og jeg vil med en nysgerrig tilgang sammen med dig folde dine fort\u00e6llinger, erfaringer, v\u00e6rdier, h\u00e5b og dr\u00f8mme ud. <\/p>\n\n\n\n<p>Du vil opleve, at jeg sp\u00f8rger nysgerrigt ind til dig og at vi sammen udfordrer andre m\u00e5der at forst\u00e5 den m\u00e5de du er i verden p\u00e5. Ved hj\u00e6lp af denne tilgang vil vi skabe flere nuancer i de ting, der synes problemfyldte og m\u00e5ske fastl\u00e5ste. Du vil opleve dig styrket og bedre i stand til at skabe forandring.<\/p>\n\n\n\n<p>I s\u00e6rligt par og familieterapi er jeg inspireret af EFT og Imago, som begge bygger p\u00e5 viden om tilknytning, m\u00f8nstre og at skabe en tryg og t\u00e6t kontakt mellem par. Jeg tror p\u00e5, at alle mennesker g\u00f8r deres bedste og jeg er optaget af at mindske f\u00f8lelser som skyld og skam.<\/p>\n<\/div>\n<\/div>\n\n\n\n<div class=\"wp-block-media-text alignfull is-stacked-on-mobile is-vertically-aligned-center is-style-default has-normal-font-size\" style=\"padding-top:0;padding-bottom:0\"><figure class=\"wp-block-media-text__media\"><img loading=\"lazy\" decoding=\"async\" width=\"768\" height=\"1024\" src=\"https:\/\/marleneteglgaard.dk\/wp-content\/uploads\/2023\/10\/Himmel-og-skyer-1-768x1024.jpg\" alt=\"\" class=\"wp-image-140 size-full\" srcset=\"https:\/\/marleneteglgaard.dk\/wp-content\/uploads\/2023\/10\/Himmel-og-skyer-1-768x1024.jpg 768w, https:\/\/marleneteglgaard.dk\/wp-content\/uploads\/2023\/10\/Himmel-og-skyer-1-225x300.jpg 225w, https:\/\/marleneteglgaard.dk\/wp-content\/uploads\/2023\/10\/Himmel-og-skyer-1-1152x1536.jpg 1152w, https:\/\/marleneteglgaard.dk\/wp-content\/uploads\/2023\/10\/Himmel-og-skyer-1.jpg 1440w\" sizes=\"auto, (max-width: 768px) 100vw, 768px\" \/><\/figure><div class=\"wp-block-media-text__content\">\n<h2 class=\"wp-block-heading has-text-align-center has-text-color\" style=\"color:#000000\">Det siger klienterne&#8230;<\/h2>\n\n\n\n<p><\/p>\n\n\n\n<blockquote class=\"wp-block-quote is-layout-flow wp-block-quote-is-layout-flow\">\n<p class=\"has-text-align-center\"><em>\u201dJeg startede mit forl\u00f8b sammen med Marlene i efter\u00e5ret 2022, og for hvert m\u00f8de har jeg kunnet m\u00e6rke, at jeg har rykket mig l\u00e6ngere v\u00e6k fra det, der tyngede og meget t\u00e6ttere p\u00e5 d\u00e9r, hvor jeg gerne vil v\u00e6re. Med ro, t\u00e5lmodighed og n\u00e6nsomhed udfordres jeg til for alvor at vende blikket indad\u2026 m\u00e5ske for f\u00f8rste gang nogensinde. Marlene har mine varmeste anbefalinger\u201d<\/em><\/p>\n<\/blockquote>\n\n\n\n<p class=\"has-text-align-center has-normal-font-size\">Kvinde i fyrrene<\/p>\n\n\n\n<blockquote class=\"wp-block-quote is-layout-flow wp-block-quote-is-layout-flow\">\n<p class=\"has-text-align-center\">&#8220;<em>Vi er blevet meget bedre til at kommunikere og at st\u00e5 sammen som for\u00e6ldre, n\u00e5r vores s\u00f8n har det sv\u00e6rt. Vi er ved at f\u00e5 en st\u00f8rre forst\u00e5else af os selv og hinandens reaktioner, s\u00e5 vi er bedre i stand til at v\u00e6re der for ham og for hinanden<\/em>&#8220;<\/p>\n<\/blockquote>\n\n\n\n<p class=\"has-text-align-center\">Par\/for\u00e6ldre til barn med PDA-profil<\/p>\n<\/div><\/div>\n\n\n\n<div class=\"wp-block-columns alignwide is-layout-flex wp-container-core-columns-is-layout-28f84493 wp-block-columns-is-layout-flex\">\n<div class=\"wp-block-column is-layout-flow wp-block-column-is-layout-flow\">\n<p><a href=\"mailto:marleneteglgaard-psykoterapeut@outlook.dk\">marleneteglgaard-psykoterapeut@outlook.dk<\/a><\/p>\n<\/div>\n\n\n\n<div class=\"wp-block-column is-layout-flow wp-block-column-is-layout-flow\">\n<p class=\"has-text-align-left\">Sundhedshuset<br><a href=\"https:\/\/www.google.dk\/maps\/place\/Psykoterapi+v%2FMarlene+Teglgaard\/@55.7344162,9.1065889,17z\/data=!3m1!4b1!4m6!3m5!1s0x464b71b6888e2dd7:0x839bd5cb367cc37f!8m2!3d55.7344162!4d9.1091638!16s%2Fg%2F11xsq2mv81?entry=ttu&amp;g_ep=EgoyMDI1MDgyNS4wIKXMDSoASAFQAw%3D%3D\">Granvej 2E, st. 7190 Billund<\/a><\/p>\n<\/div>\n\n\n\n<div class=\"wp-block-column is-vertically-aligned-center is-layout-flow wp-block-column-is-layout-flow\">\n<p class=\"has-text-align-left\">Telefon: <a href=\"tel:23747586\" target=\"_blank\" rel=\"noreferrer noopener\">23747586<\/a><\/p>\n<\/div>\n<\/div>\n\n\n\n<p><\/p>\n","protected":false},"excerpt":{"rendered":"<p>Psykoterapi v\/Marlene Teglgaard Velkommen Jeg tilbyder terapi i Billund som samtaler til par, familier og dig alene. Jeg kan hj\u00e6lpe [&hellip;]<\/p>\n","protected":false},"author":1,"featured_media":0,"parent":0,"menu_order":0,"comment_status":"closed","ping_status":"closed","template":"","meta":{"site-sidebar-layout":"default","site-content-layout":"","ast-site-content-layout":"default","site-content-style":"default","site-sidebar-style":"default","ast-global-header-display":"","ast-banner-title-visibility":"","ast-main-header-display":"","ast-hfb-above-header-display":"","ast-hfb-below-header-display":"","ast-hfb-mobile-header-display":"","site-post-title":"disabled","ast-breadcrumbs-content":"","ast-featured-img":"","footer-sml-layout":"","ast-disable-related-posts":"","theme-transparent-header-meta":"","adv-header-id-meta":"","stick-header-meta":"","header-above-stick-meta":"","header-main-stick-meta":"","header-below-stick-meta":"","astra-migrate-meta-layouts":"default","ast-page-background-enabled":"default","ast-page-background-meta":{"desktop":{"background-color":"var(--ast-global-color-5)","background-image":"","background-repeat":"repeat","background-position":"center center","background-size":"auto","background-attachment":"scroll","background-type":"","background-media":"","overlay-type":"","overlay-color":"","overlay-opacity":"","overlay-gradient":""},"tablet":{"background-color":"","background-image":"","background-repeat":"repeat","background-position":"center center","background-size":"auto","background-attachment":"scroll","background-type":"","background-media":"","overlay-type":"","overlay-color":"","overlay-opacity":"","overlay-gradient":""},"mobile":{"background-color":"","background-image":"","background-repeat":"repeat","background-position":"center center","background-size":"auto","background-attachment":"scroll","background-type":"","background-media":"","overlay-type":"","overlay-color":"","overlay-opacity":"","overlay-gradient":""}},"ast-content-background-meta":{"desktop":{"background-color":"var(--ast-global-color-4)","background-image":"","background-repeat":"repeat","background-position":"center center","background-size":"auto","background-attachment":"scroll","background-type":"","background-media":"","overlay-type":"","overlay-color":"","overlay-opacity":"","overlay-gradient":""},"tablet":{"background-color":"var(--ast-global-color-4)","background-image":"","background-repeat":"repeat","background-position":"center center","background-size":"auto","background-attachment":"scroll","background-type":"","background-media":"","overlay-type":"","overlay-color":"","overlay-opacity":"","overlay-gradient":""},"mobile":{"background-color":"var(--ast-global-color-4)","background-image":"","background-repeat":"repeat","background-position":"center center","background-size":"auto","background-attachment":"scroll","background-type":"","background-media":"","overlay-type":"","overlay-color":"","overlay-opacity":"","overlay-gradient":""}},"footnotes":""},"class_list":["post-23","page","type-page","status-publish","hentry"],"yoast_head":"<!-- This site is optimized with the Yoast SEO plugin v27.4 - https:\/\/yoast.com\/product\/yoast-seo-wordpress\/ -->\n<title>Parterapi og familieterapi i Billund t\u00e6t p\u00e5 Vejle og Grindsted - Psykoterapi Billund<\/title>\n<meta name=\"description\" content=\"Jeg tilbyder samtaleterapi til individuelle, par og familier. Parterapi, parsamtaler, familiesamtaler og b\u00f8rne- samt ungesamtaler. Supervision\" \/>\n<meta name=\"robots\" content=\"index, follow, max-snippet:-1, max-image-preview:large, max-video-preview:-1\" \/>\n<link rel=\"canonical\" href=\"https:\/\/marleneteglgaard.dk\/\" \/>\n<meta property=\"og:locale\" content=\"da_DK\" \/>\n<meta property=\"og:type\" content=\"article\" \/>\n<meta property=\"og:title\" content=\"Parterapi og familieterapi i Billund t\u00e6t p\u00e5 Vejle og Grindsted - Psykoterapi Billund\" \/>\n<meta property=\"og:description\" content=\"Jeg tilbyder samtaleterapi til individuelle, par og familier. Parterapi, parsamtaler, familiesamtaler og b\u00f8rne- samt ungesamtaler. Supervision\" \/>\n<meta property=\"og:url\" content=\"https:\/\/marleneteglgaard.dk\/\" \/>\n<meta property=\"og:site_name\" content=\"Psykoterapi\" \/>\n<meta property=\"article:publisher\" content=\"https:\/\/www.facebook.com\/profile.php?id=100085851555208\" \/>\n<meta property=\"article:modified_time\" content=\"2026-01-22T14:40:19+00:00\" \/>\n<meta property=\"og:image\" content=\"https:\/\/marleneteglgaard.dk\/wp-content\/uploads\/2025\/08\/thumbnail_IMG_4334.jpg\" \/>\n\t<meta property=\"og:image:width\" content=\"1310\" \/>\n\t<meta property=\"og:image:height\" content=\"1386\" \/>\n\t<meta property=\"og:image:type\" content=\"image\/jpeg\" \/>\n<meta name=\"twitter:card\" content=\"summary_large_image\" \/>\n<meta name=\"twitter:label1\" content=\"Estimeret l\u00e6setid\" \/>\n\t<meta name=\"twitter:data1\" content=\"5 minutter\" \/>\n<script type=\"application\/ld+json\" class=\"yoast-schema-graph\">{\"@context\":\"https:\\\/\\\/schema.org\",\"@graph\":[{\"@type\":\"WebPage\",\"@id\":\"https:\\\/\\\/marleneteglgaard.dk\\\/\",\"url\":\"https:\\\/\\\/marleneteglgaard.dk\\\/\",\"name\":\"Parterapi og familieterapi i Billund t\u00e6t p\u00e5 Vejle og Grindsted - Psykoterapi Billund\",\"isPartOf\":{\"@id\":\"https:\\\/\\\/marleneteglgaard.dk\\\/#website\"},\"primaryImageOfPage\":{\"@id\":\"https:\\\/\\\/marleneteglgaard.dk\\\/#primaryimage\"},\"image\":{\"@id\":\"https:\\\/\\\/marleneteglgaard.dk\\\/#primaryimage\"},\"thumbnailUrl\":\"https:\\\/\\\/marleneteglgaard.dk\\\/wp-content\\\/uploads\\\/2025\\\/08\\\/thumbnail_IMG_4334.jpg\",\"datePublished\":\"2023-10-04T10:01:34+00:00\",\"dateModified\":\"2026-01-22T14:40:19+00:00\",\"description\":\"Jeg tilbyder samtaleterapi til individuelle, par og familier. Parterapi, parsamtaler, familiesamtaler og b\u00f8rne- samt ungesamtaler. Supervision\",\"breadcrumb\":{\"@id\":\"https:\\\/\\\/marleneteglgaard.dk\\\/#breadcrumb\"},\"inLanguage\":\"da-DK\",\"potentialAction\":[{\"@type\":\"ReadAction\",\"target\":[\"https:\\\/\\\/marleneteglgaard.dk\\\/\"]}]},{\"@type\":\"ImageObject\",\"inLanguage\":\"da-DK\",\"@id\":\"https:\\\/\\\/marleneteglgaard.dk\\\/#primaryimage\",\"url\":\"https:\\\/\\\/marleneteglgaard.dk\\\/wp-content\\\/uploads\\\/2025\\\/08\\\/thumbnail_IMG_4334.jpg\",\"contentUrl\":\"https:\\\/\\\/marleneteglgaard.dk\\\/wp-content\\\/uploads\\\/2025\\\/08\\\/thumbnail_IMG_4334.jpg\",\"width\":1310,\"height\":1386,\"caption\":\"Socialr\u00e5dgiver, psykoterapeut, familiebehandler\"},{\"@type\":\"BreadcrumbList\",\"@id\":\"https:\\\/\\\/marleneteglgaard.dk\\\/#breadcrumb\",\"itemListElement\":[{\"@type\":\"ListItem\",\"position\":1,\"name\":\"Hjem\",\"item\":\"https:\\\/\\\/marleneteglgaard.dk\\\/\"},{\"@type\":\"ListItem\",\"position\":2,\"name\":\"Parterapi og familieterapi i Billund t\u00e6t p\u00e5 Vejle og Grindsted\"}]},{\"@type\":\"WebSite\",\"@id\":\"https:\\\/\\\/marleneteglgaard.dk\\\/#website\",\"url\":\"https:\\\/\\\/marleneteglgaard.dk\\\/\",\"name\":\"Psykoterapi v\\\/Marlene Teglgaard\",\"description\":\"Billund \",\"publisher\":{\"@id\":\"https:\\\/\\\/marleneteglgaard.dk\\\/#organization\"},\"potentialAction\":[{\"@type\":\"SearchAction\",\"target\":{\"@type\":\"EntryPoint\",\"urlTemplate\":\"https:\\\/\\\/marleneteglgaard.dk\\\/?s={search_term_string}\"},\"query-input\":{\"@type\":\"PropertyValueSpecification\",\"valueRequired\":true,\"valueName\":\"search_term_string\"}}],\"inLanguage\":\"da-DK\"},{\"@type\":\"Organization\",\"@id\":\"https:\\\/\\\/marleneteglgaard.dk\\\/#organization\",\"name\":\"Psykoterapi v\\\/Marlene Teglgaard\",\"url\":\"https:\\\/\\\/marleneteglgaard.dk\\\/\",\"logo\":{\"@type\":\"ImageObject\",\"inLanguage\":\"da-DK\",\"@id\":\"https:\\\/\\\/marleneteglgaard.dk\\\/#\\\/schema\\\/logo\\\/image\\\/\",\"url\":\"https:\\\/\\\/marleneteglgaard.dk\\\/wp-content\\\/uploads\\\/2023\\\/10\\\/cropped-thumbnail_IMG_9645-e1696419512523.jpg\",\"contentUrl\":\"https:\\\/\\\/marleneteglgaard.dk\\\/wp-content\\\/uploads\\\/2023\\\/10\\\/cropped-thumbnail_IMG_9645-e1696419512523.jpg\",\"width\":512,\"height\":512,\"caption\":\"Psykoterapi v\\\/Marlene Teglgaard\"},\"image\":{\"@id\":\"https:\\\/\\\/marleneteglgaard.dk\\\/#\\\/schema\\\/logo\\\/image\\\/\"},\"sameAs\":[\"https:\\\/\\\/www.facebook.com\\\/profile.php?id=100085851555208\"]}]}<\/script>\n<!-- \/ Yoast SEO plugin. -->","yoast_head_json":{"title":"Parterapi og familieterapi i Billund t\u00e6t p\u00e5 Vejle og Grindsted - Psykoterapi Billund","description":"Jeg tilbyder samtaleterapi til individuelle, par og familier. Parterapi, parsamtaler, familiesamtaler og b\u00f8rne- samt ungesamtaler. Supervision","robots":{"index":"index","follow":"follow","max-snippet":"max-snippet:-1","max-image-preview":"max-image-preview:large","max-video-preview":"max-video-preview:-1"},"canonical":"https:\/\/marleneteglgaard.dk\/","og_locale":"da_DK","og_type":"article","og_title":"Parterapi og familieterapi i Billund t\u00e6t p\u00e5 Vejle og Grindsted - Psykoterapi Billund","og_description":"Jeg tilbyder samtaleterapi til individuelle, par og familier. Parterapi, parsamtaler, familiesamtaler og b\u00f8rne- samt ungesamtaler. Supervision","og_url":"https:\/\/marleneteglgaard.dk\/","og_site_name":"Psykoterapi","article_publisher":"https:\/\/www.facebook.com\/profile.php?id=100085851555208","article_modified_time":"2026-01-22T14:40:19+00:00","og_image":[{"width":1310,"height":1386,"url":"https:\/\/marleneteglgaard.dk\/wp-content\/uploads\/2025\/08\/thumbnail_IMG_4334.jpg","type":"image\/jpeg"}],"twitter_card":"summary_large_image","twitter_misc":{"Estimeret l\u00e6setid":"5 minutter"},"schema":{"@context":"https:\/\/schema.org","@graph":[{"@type":"WebPage","@id":"https:\/\/marleneteglgaard.dk\/","url":"https:\/\/marleneteglgaard.dk\/","name":"Parterapi og familieterapi i Billund t\u00e6t p\u00e5 Vejle og Grindsted - Psykoterapi Billund","isPartOf":{"@id":"https:\/\/marleneteglgaard.dk\/#website"},"primaryImageOfPage":{"@id":"https:\/\/marleneteglgaard.dk\/#primaryimage"},"image":{"@id":"https:\/\/marleneteglgaard.dk\/#primaryimage"},"thumbnailUrl":"https:\/\/marleneteglgaard.dk\/wp-content\/uploads\/2025\/08\/thumbnail_IMG_4334.jpg","datePublished":"2023-10-04T10:01:34+00:00","dateModified":"2026-01-22T14:40:19+00:00","description":"Jeg tilbyder samtaleterapi til individuelle, par og familier. Parterapi, parsamtaler, familiesamtaler og b\u00f8rne- samt ungesamtaler. Supervision","breadcrumb":{"@id":"https:\/\/marleneteglgaard.dk\/#breadcrumb"},"inLanguage":"da-DK","potentialAction":[{"@type":"ReadAction","target":["https:\/\/marleneteglgaard.dk\/"]}]},{"@type":"ImageObject","inLanguage":"da-DK","@id":"https:\/\/marleneteglgaard.dk\/#primaryimage","url":"https:\/\/marleneteglgaard.dk\/wp-content\/uploads\/2025\/08\/thumbnail_IMG_4334.jpg","contentUrl":"https:\/\/marleneteglgaard.dk\/wp-content\/uploads\/2025\/08\/thumbnail_IMG_4334.jpg","width":1310,"height":1386,"caption":"Socialr\u00e5dgiver, psykoterapeut, familiebehandler"},{"@type":"BreadcrumbList","@id":"https:\/\/marleneteglgaard.dk\/#breadcrumb","itemListElement":[{"@type":"ListItem","position":1,"name":"Hjem","item":"https:\/\/marleneteglgaard.dk\/"},{"@type":"ListItem","position":2,"name":"Parterapi og familieterapi i Billund t\u00e6t p\u00e5 Vejle og Grindsted"}]},{"@type":"WebSite","@id":"https:\/\/marleneteglgaard.dk\/#website","url":"https:\/\/marleneteglgaard.dk\/","name":"Psykoterapi v\/Marlene Teglgaard","description":"Billund ","publisher":{"@id":"https:\/\/marleneteglgaard.dk\/#organization"},"potentialAction":[{"@type":"SearchAction","target":{"@type":"EntryPoint","urlTemplate":"https:\/\/marleneteglgaard.dk\/?s={search_term_string}"},"query-input":{"@type":"PropertyValueSpecification","valueRequired":true,"valueName":"search_term_string"}}],"inLanguage":"da-DK"},{"@type":"Organization","@id":"https:\/\/marleneteglgaard.dk\/#organization","name":"Psykoterapi v\/Marlene Teglgaard","url":"https:\/\/marleneteglgaard.dk\/","logo":{"@type":"ImageObject","inLanguage":"da-DK","@id":"https:\/\/marleneteglgaard.dk\/#\/schema\/logo\/image\/","url":"https:\/\/marleneteglgaard.dk\/wp-content\/uploads\/2023\/10\/cropped-thumbnail_IMG_9645-e1696419512523.jpg","contentUrl":"https:\/\/marleneteglgaard.dk\/wp-content\/uploads\/2023\/10\/cropped-thumbnail_IMG_9645-e1696419512523.jpg","width":512,"height":512,"caption":"Psykoterapi v\/Marlene Teglgaard"},"image":{"@id":"https:\/\/marleneteglgaard.dk\/#\/schema\/logo\/image\/"},"sameAs":["https:\/\/www.facebook.com\/profile.php?id=100085851555208"]}]}},"_links":{"self":[{"href":"https:\/\/marleneteglgaard.dk\/index.php\/wp-json\/wp\/v2\/pages\/23","targetHints":{"allow":["GET"]}}],"collection":[{"href":"https:\/\/marleneteglgaard.dk\/index.php\/wp-json\/wp\/v2\/pages"}],"about":[{"href":"https:\/\/marleneteglgaard.dk\/index.php\/wp-json\/wp\/v2\/types\/page"}],"author":[{"embeddable":true,"href":"https:\/\/marleneteglgaard.dk\/index.php\/wp-json\/wp\/v2\/users\/1"}],"replies":[{"embeddable":true,"href":"https:\/\/marleneteglgaard.dk\/index.php\/wp-json\/wp\/v2\/comments?post=23"}],"version-history":[{"count":78,"href":"https:\/\/marleneteglgaard.dk\/index.php\/wp-json\/wp\/v2\/pages\/23\/revisions"}],"predecessor-version":[{"id":553,"href":"https:\/\/marleneteglgaard.dk\/index.php\/wp-json\/wp\/v2\/pages\/23\/revisions\/553"}],"wp:attachment":[{"href":"https:\/\/marleneteglgaard.dk\/index.php\/wp-json\/wp\/v2\/media?parent=23"}],"curies":[{"name":"wp","href":"https:\/\/api.w.org\/{rel}","templated":true}]}}